{"id":30383,"date":"2021-11-11T10:54:49","date_gmt":"2021-11-11T08:54:49","guid":{"rendered":"https:\/\/desdropi.com\/elparque\/tijeras-bra-efficient-a198008\/"},"modified":"2025-04-13T21:00:39","modified_gmt":"2025-04-13T19:00:39","slug":"tijeras-bra-efficient-a198008","status":"publish","type":"product","link":"https:\/\/desdropi.com\/elparque\/tijeras-bra-efficient-a198008\/","title":{"rendered":"Tijeras Bra Efficient A198008"},"content":{"rendered":"<div class=\"descripcion-tab\">\n<strong>Informaci\u00f3n del producto<\/strong><\/p>\n<ul>\n<li>Las tijeras Efficient han sido dise\u00f1adas para un uso diario con una gran calidad de corte, aumentado as\u00ed el abanico de productos de la apreciada colecci\u00f3n Efficient.<\/li>\n<li>Est\u00e1n fabricadas en hoja de acero inoxidable alem\u00e1n, Molibdeno Vanadio, de alta calidad. El mango, fabricado en polipropileno, consigue un agarre ergon\u00f3mico y seguro de las tijeras.<\/li>\n<li>Adem\u00e1s, son tijeras multiusos al incorporar las siguientes funciones:<\/li>\n<li>Cascanueces en la parte central del mango.<\/li>\n<li>Abrebotellas en el extremo del mango.<\/li>\n<li>Abre botes y destornillador en el otro extremo del mango.<\/li>\n<li>Corta huesos en el principio de la hoja.<\/li>\n<li>Filo microdentado para desescamar pesado.<\/li>\n<li>Filo para cortar.<\/li>\n<li>Estas tijeras son perfectas para realizar m\u00faltiples tareas sin necesidad de ocupar la encimera con m\u00e1s utensilios. Ideales para cortar cualquier alimento, son de mucha ayuda si hay que partir alg\u00fan hueso, gracias a la hendidura de la hoja. Su filo microdentado te permite desescamar cualquier pescado, tanto unos lomos de merluza, como unas rodajas de at\u00fan, unos boquerones o sardinas. Y sin cambiar de utensilio, podr\u00e1s cortar las espinas m\u00e1s gruesas o lo que no vayas a cocinar. Vas a poder abrir cualquier bote y botella sin tener que buscar un abridor, ya que el mango est\u00e1 provisto de los accesorios necesarios para ello. Y cuando necesites almendras o avellanas para a\u00f1adirlas picadas a tus guisos, el funcional cascanueces en la parte central del mango ser\u00e1 tu mejor ayuda. Unas tijeras vers\u00e1tiles, funcionales y muy eficientes, que te van a permitir ahorrar tiempo en la cocina.<\/li>\n<\/ul>\n<p><strong>Caracter\u00edsticas<\/strong><\/p>\n<ul>\n<li>Hoja fabricada en acero inoxidable Molibdeno Vanadio.<\/li>\n<li>Mango de polipropileno con un agarre ergon\u00f3mico, firme y muy seguro.<\/li>\n<li>Disponen de una alta resistencia y durabilidad, ideal para el uso diario en la cocina.<\/li>\n<li>Hoja de 210 mm.<\/li>\n<\/ul>\n<\/div>\n","protected":false},"excerpt":{"rendered":"<p>Informaci\u00f3n del producto Las tijeras Efficient han sido dise\u00f1adas para un uso diario con una gran calidad de corte, aumentado<\/p>\n","protected":false},"featured_media":221588,"comment_status":"open","ping_status":"closed","template":"","meta":{"_joinchat":[]},"product_cat":[6533,5661,5662],"product_tag":[],"class_list":{"0":"post-30383","1":"product","2":"type-product","3":"status-publish","4":"has-post-thumbnail","6":"product_cat-tijeras","7":"product_cat-menaje","8":"product_cat-menaje-de-cocina","9":"pa_marca-bra","11":"first","12":"instock","13":"taxable","14":"shipping-taxable","15":"purchasable","16":"product-type-simple"},"_links":{"self":[{"href":"https:\/\/desdropi.com\/elparque\/wp-json\/wp\/v2\/product\/30383"}],"collection":[{"href":"https:\/\/desdropi.com\/elparque\/wp-json\/wp\/v2\/product"}],"about":[{"href":"https:\/\/desdropi.com\/elparque\/wp-json\/wp\/v2\/types\/product"}],"replies":[{"embeddable":true,"href":"https:\/\/desdropi.com\/elparque\/wp-json\/wp\/v2\/comments?post=30383"}],"version-history":[{"count":1,"href":"https:\/\/desdropi.com\/elparque\/wp-json\/wp\/v2\/product\/30383\/revisions"}],"predecessor-version":[{"id":224537,"href":"https:\/\/desdropi.com\/elparque\/wp-json\/wp\/v2\/product\/30383\/revisions\/224537"}],"wp:featuredmedia":[{"embeddable":true,"href":"https:\/\/desdropi.com\/elparque\/wp-json\/wp\/v2\/media\/221588"}],"wp:attachment":[{"href":"https:\/\/desdropi.com\/elparque\/wp-json\/wp\/v2\/media?parent=30383"}],"wp:term":[{"taxonomy":"product_cat","embeddable":true,"href":"https:\/\/desdropi.com\/elparque\/wp-json\/wp\/v2\/product_cat?post=30383"},{"taxonomy":"product_tag","embeddable":true,"href":"https:\/\/desdropi.com\/elparque\/wp-json\/wp\/v2\/product_tag?post=30383"}],"curies":[{"name":"wp","href":"https:\/\/api.w.org\/{rel}","templated":true}]}}