{"id":33873,"date":"2021-11-11T11:24:42","date_gmt":"2021-11-11T09:24:42","guid":{"rendered":"https:\/\/desdropi.com\/elparque\/lavavajillas-60cm-new-pol-nw605w-a-blanco\/"},"modified":"2024-05-18T23:34:28","modified_gmt":"2024-05-18T21:34:28","slug":"lavavajillas-60cm-new-pol-nw605w-a-blanco","status":"publish","type":"product","link":"https:\/\/desdropi.com\/elparque\/lavavajillas-60cm-new-pol-nw605w-a-blanco\/","title":{"rendered":"Lavavajillas 60Cm New Pol NWD605W A++ Blanco"},"content":{"rendered":"<div class=\"descripcion-tab\">\n<p>Lavavajillas con capacidad para 12 n\u00fameros de cubiertos y 5 programas en los que incluye programa r\u00e1pido de 30 minutos, denominado Quick Clean, Eco, Super 50\u2019, higi\u00e9nico a 70\u00baC e Intenso a 65\u00baC. Programa de extra de secado y abrillantado. Self clean, inicio diferido incluido.<\/p>\n<p><strong>Especificaciones<\/strong><\/p>\n<ul>\n<li>Clasificaci\u00f3n energ\u00e9tica: E.<\/li>\n<li>Duraci\u00f3n del programa ECO: 3 horas y 25 minutos.<\/li>\n<li>Nivel de ruido: 49db.<\/li>\n<li>Dimensiones (Alto x Ancho x Fondo): 85 x 59,8 x 59,8 cm.<\/li>\n<li>Peso: 46 kg.<\/li>\n<\/ul>\n<p><strong>EcoWash<\/strong><br \/>\nLa tecnolog\u00eda ecol\u00f3gica Eco-Wash ofrece un gran rendimiento de lavado cuando lavavajillas no se carga completamente. La cesta inferior o superior funcionan mediante el uso de una opci\u00f3n de media de carga. La tecnolog\u00eda Eco-Wash ahorra energ\u00eda y agua mediante lareducci\u00f3n de consumo de energ\u00eda y agua debido a las opciones de carga.<\/p>\n<p><strong>Hygienic Wash<\/strong><br \/>\nLa opci\u00f3n extra higiene asegura una m\u00e1xima higiene con el lavado a alta temperatura. Se aumenta la temperatura del agua en la etapa de aclarado final con el fin de eliminar las bacterias<\/p>\n<p><strong>Quick Clean<\/strong><br \/>\nLograuna eficacia de lavado impresionante con un programa de lavado de solo 50 min.Es el \u00fanico lavavajillas que logra una eficacia de lavado completo seg\u00fan la norma EN 50242 para los platos sucios est\u00e1ndar en s\u00f3lo 50 minutos.<\/p>\n<p><strong>Self Clean<\/strong><br \/>\nSistema que limpiael interior del lavavajillas y eliminar losrestos de suciedad, olores, manchas blancas y otras suciedades. Garantiza una perfecta limpieza y adem\u00e1s prolonga la vida \u00fatil delproducto.<\/p>\n<p><strong>Especificaciones<\/strong><\/p>\n<ul>\n<li>Color: Blanco<\/li>\n<li>N\u00ba de Cubiertos: 12<\/li>\n<li>N\u00ba de Programas: 5<\/li>\n<li>Temperaturas: 40-50-65-70<\/li>\n<li>Resitencia Oculta: S\u00ed<\/li>\n<li>Tipo de Filtro: Metal<\/li>\n<li>Sistema de secado: Super Active<\/li>\n<li>Protecci\u00f3n Antidesbordamiento: S\u00ed<\/li>\n<li>Protecci\u00f3n sobrecalentamiento: S\u00ed<\/li>\n<li>Delay Timer: 3\/6\/9 horas<\/li>\n<li>Self Clean (autolimpieza): S\u00ed<\/li>\n<\/ul>\n<p><strong>Dimensiones y peso<\/strong><\/p>\n<ul>\n<li>Dimensiones producto (Alt.xAncho x Pro.) (cm): 85 x 59,8 x 59,8<\/li>\n<li>Dimensiones embalado (Alt.xAncho x Pro.) (cm): 88,1 x 64,4 x 66,1<\/li>\n<li>Peso del producto (kg) 46<\/li>\n<li>Peso del producto embalado (kg) 49<\/li>\n<\/ul>\n<p><strong>Programas<\/strong><\/p>\n<ul>\n<li>R\u00e1pido 30&#8217;40\u00baC: S\u00ed<\/li>\n<li>Eco (Standard Programme): S\u00ed<\/li>\n<li>Super 50&#8242; 65\u00baC: S\u00ed<\/li>\n<li>Higiene 70\u00baC: S\u00ed<\/li>\n<li>Intensivo 65\u00baC: S\u00ed<\/li>\n<\/ul>\n<p><strong>Rendimiento<\/strong><\/p>\n<ul>\n<li>Clase Energ\u00e9tica: A++<\/li>\n<li>Energy effiency indez (1059\/2010): 55,8<\/li>\n<li>Consumo Anual Energ\u00eda kWh por a\u00f1o (Awc)(280 Ciclos): 258<\/li>\n<li>Cleaning performance index: 1,13<\/li>\n<li>Eco Programme water consumption: 12<\/li>\n<li>Noise Declaration Level (dB(A) re 1 pW): 49<\/li>\n<\/ul>\n<\/div>\n","protected":false},"excerpt":{"rendered":"<p><a href=\"https:\/\/desdropi.com\/elparque\/wp-content\/uploads\/11835.pdf\" target=\"_blank\" rel=\"noopener\"><img decoding=\"async\" class=\"alignnone wp-image-205373 size-full\" src=\"https:\/\/desdropi.com\/elparque\/wp-content\/uploads\/eficiencia-E.png\" alt=\"\" width=\"56\" height=\"33\" \/><\/a><\/p>\n","protected":false},"featured_media":217973,"comment_status":"open","ping_status":"closed","template":"","meta":{"_joinchat":[]},"product_cat":[6445,780,781],"product_tag":[],"class_list":{"0":"post-33873","1":"product","2":"type-product","3":"status-publish","4":"has-post-thumbnail","6":"product_cat-libre-instalacion-de-60-cm","7":"product_cat-gran-electrodomestico","8":"product_cat-lavavajillas","9":"pa_marca-new-pol","11":"first","12":"instock","13":"taxable","14":"shipping-taxable","15":"purchasable","16":"product-type-simple"},"_links":{"self":[{"href":"https:\/\/desdropi.com\/elparque\/wp-json\/wp\/v2\/product\/33873"}],"collection":[{"href":"https:\/\/desdropi.com\/elparque\/wp-json\/wp\/v2\/product"}],"about":[{"href":"https:\/\/desdropi.com\/elparque\/wp-json\/wp\/v2\/types\/product"}],"replies":[{"embeddable":true,"href":"https:\/\/desdropi.com\/elparque\/wp-json\/wp\/v2\/comments?post=33873"}],"version-history":[{"count":0,"href":"https:\/\/desdropi.com\/elparque\/wp-json\/wp\/v2\/product\/33873\/revisions"}],"wp:featuredmedia":[{"embeddable":true,"href":"https:\/\/desdropi.com\/elparque\/wp-json\/wp\/v2\/media\/217973"}],"wp:attachment":[{"href":"https:\/\/desdropi.com\/elparque\/wp-json\/wp\/v2\/media?parent=33873"}],"wp:term":[{"taxonomy":"product_cat","embeddable":true,"href":"https:\/\/desdropi.com\/elparque\/wp-json\/wp\/v2\/product_cat?post=33873"},{"taxonomy":"product_tag","embeddable":true,"href":"https:\/\/desdropi.com\/elparque\/wp-json\/wp\/v2\/product_tag?post=33873"}],"curies":[{"name":"wp","href":"https:\/\/api.w.org\/{rel}","templated":true}]}}