{"id":44849,"date":"2022-01-28T23:16:48","date_gmt":"2022-01-28T22:16:48","guid":{"rendered":"https:\/\/desdropi.com\/elparque\/tostador-cecotec-03189-toasttaste-10000-extra-white\/"},"modified":"2025-04-14T09:30:28","modified_gmt":"2025-04-14T07:30:28","slug":"tostador-cecotec-03189-toasttaste-10000-extra-white","status":"publish","type":"product","link":"https:\/\/desdropi.com\/elparque\/tostador-cecotec-03189-toasttaste-10000-extra-white\/","title":{"rendered":"TOSTADOR CECOTEC 03189 TOAST&#038;TASTE 10000 EXTRA WHITE"},"content":{"rendered":"<div class=\"descripcion-tab\">\n<ul>\n<li><strong>Cecotec Tostadora digital:<\/strong>Cuenta con un dise\u00f1o efecto madera y 3 funciones preconfiguradas: recalentar, descongelar y cancelar<\/li>\n<\/ul>\n<p><strong>Descripci\u00f3n:<\/strong><\/p>\n<ul>\n<li>Tostadora de doble ranura con capacidad para 2 tostadas y 900 W de potencia m\u00e1xima.<\/li>\n<li>2 ranuras cortas extraanchas de 3,8 cm que permiten introducir distintos tipos de panes gruesos.<\/li>\n<li>Dise\u00f1o elegante con acabados efecto madera.<\/li>\n<li>Cuenta con 3 funciones preconfiguradas: Recalentar, Descongelar y Cancelar, (para interrumpir el proceso de tostado cuando se desee).<\/li>\n<li>Varillas superiores para calentar alimentos de gran tama\u00f1o como boller\u00eda, pasteles o cruasanes.<\/li>\n<li>6 niveles de tostado del pan. Utiliza el selector para seleccionar tu nivel de tostado del pan preferido.<\/li>\n<li>Funci\u00f3n Extraelevaci\u00f3n para retirar f\u00e1cilmente el pan, especialmente \u00fatil con los trozos m\u00e1s peque\u00f1os.<\/li>\n<li>Bandeja recogemigas de f\u00e1cil extracci\u00f3n para una limpieza r\u00e1pida y sencilla.<\/li>\n<li>Luz indicadora de funcionamiento.<\/li>\n<li>Sistema de autocentrado para conseguir un tostado totalmente uniforme por las dos caras.<\/li>\n<li>Base antideslizante y hueco recogecables.<\/li>\n<\/ul>\n<p><strong>Composici\u00f3n:<\/strong><\/p>\n<ul>\n<li>Tostadora<\/li>\n<li>Soporte para panecillos<\/li>\n<li>Manual de instrucciones<\/li>\n<\/ul>\n<\/div>\n","protected":false},"excerpt":{"rendered":"<p>Cecotec Tostadora digital:Cuenta con un dise\u00f1o efecto madera y 3 funciones preconfiguradas: recalentar, descongelar y cancelar Descripci\u00f3n: Tostadora de doble<\/p>\n","protected":false},"featured_media":133362,"comment_status":"open","ping_status":"open","template":"","meta":{"_joinchat":[]},"product_cat":[825,831,834],"product_tag":[],"class_list":{"0":"post-44849","1":"product","2":"type-product","3":"status-publish","4":"has-post-thumbnail","6":"product_cat-pequeno-electrodomestico","7":"product_cat-accesorios-de-cocina","8":"product_cat-tostadores","9":"pa_marca-cecotec","10":"pa_potenica-1000w","12":"first","13":"instock","14":"taxable","15":"shipping-taxable","16":"purchasable","17":"product-type-simple"},"_links":{"self":[{"href":"https:\/\/desdropi.com\/elparque\/wp-json\/wp\/v2\/product\/44849"}],"collection":[{"href":"https:\/\/desdropi.com\/elparque\/wp-json\/wp\/v2\/product"}],"about":[{"href":"https:\/\/desdropi.com\/elparque\/wp-json\/wp\/v2\/types\/product"}],"replies":[{"embeddable":true,"href":"https:\/\/desdropi.com\/elparque\/wp-json\/wp\/v2\/comments?post=44849"}],"version-history":[{"count":1,"href":"https:\/\/desdropi.com\/elparque\/wp-json\/wp\/v2\/product\/44849\/revisions"}],"predecessor-version":[{"id":224498,"href":"https:\/\/desdropi.com\/elparque\/wp-json\/wp\/v2\/product\/44849\/revisions\/224498"}],"wp:featuredmedia":[{"embeddable":true,"href":"https:\/\/desdropi.com\/elparque\/wp-json\/wp\/v2\/media\/133362"}],"wp:attachment":[{"href":"https:\/\/desdropi.com\/elparque\/wp-json\/wp\/v2\/media?parent=44849"}],"wp:term":[{"taxonomy":"product_cat","embeddable":true,"href":"https:\/\/desdropi.com\/elparque\/wp-json\/wp\/v2\/product_cat?post=44849"},{"taxonomy":"product_tag","embeddable":true,"href":"https:\/\/desdropi.com\/elparque\/wp-json\/wp\/v2\/product_tag?post=44849"}],"curies":[{"name":"wp","href":"https:\/\/api.w.org\/{rel}","templated":true}]}}