{"id":44859,"date":"2022-01-28T23:16:48","date_gmt":"2022-01-28T22:16:48","guid":{"rendered":"https:\/\/desdropi.com\/elparque\/plancha-de-asar-barbacoa-cecotec-03096-2000-inox\/"},"modified":"2025-04-14T09:30:26","modified_gmt":"2025-04-14T07:30:26","slug":"plancha-de-asar-barbacoa-cecotec-03096-2000-inox","status":"publish","type":"product","link":"https:\/\/desdropi.com\/elparque\/plancha-de-asar-barbacoa-cecotec-03096-2000-inox\/","title":{"rendered":"PLANCHA DE ASAR\/BARBACOA CECOTEC 03096 2000 INOX"},"content":{"rendered":"<div class=\"descripcion-tab\">\n<p><strong>Plancha de asar el\u00e9ctrica de 2000 W: <\/strong>Con estructura de dise\u00f1o y con acabados en acero inoxidable. Termostato regulable y placa de asar antiadherente con superficie grill, revestimiento RockStone y apta para lavavajillas.<\/p>\n<ul>\n<li>Plancha de asar el\u00e9ctrica de 2000 W de potencia para cocinar una gran variedad de alimentos de forma r\u00e1pida y precisa gracias a su resistencia integrada, que garantiza una homog\u00e9nea distribuci\u00f3n del calor en toda la superficie de cocci\u00f3n.<\/li>\n<li>Plancha de dise\u00f1o con cuerpo delgado y con acabados en acero inoxidable, para una mayor resistencia y durabilidad.<\/li>\n<li>Placa RockStone de gran dureza y resistencia con revestimiento antiadherente. Cocina saludable sin grasas ni aceites y sin que los alimentos se peguen.<\/li>\n<li>Superficie grill para cocinar desde carne y verduras, hasta marisco y pescado.<\/li>\n<li>Termostato regulable en 5 niveles de potencia para conseguir el punto de cocci\u00f3n perfecto en cada elaboraci\u00f3n.<\/li>\n<li>Gran superficie de cocinado de 37,5 x 24,5 cm que permite cocinar una gran variedad de alimentos al mismo tiempo.<\/li>\n<li>F\u00e1cil limpieza gracias a su placa totalmente extra\u00edble y apta para el lavavajillas.<\/li>\n<li>Incluye una bandeja recogegrasas para un uso m\u00e1s c\u00f3modo y limpio. Adem\u00e1s, es apta para limpiar en el lavavajillas.<\/li>\n<li>Dise\u00f1ado para cocinar directamente en la mesa o utilizarla como bandeja para mantener los alimentos calientes durante m\u00e1s tiempo.<\/li>\n<li>Asas de tacto fr\u00edo para un manejo m\u00e1s c\u00f3modo.<\/li>\n<li>Esp\u00e1tula perfecta para voltear, remover y retirar los alimentos.<\/li>\n<li>Pies antideslizantes.<\/li>\n<\/ul>\n<p><strong>Composici\u00f3n:<\/strong><\/p>\n<ul>\n<li>Estructura con acabados en acero inoxidable<\/li>\n<li>Placa RockStone<\/li>\n<li>Bandeja recogegrasas<\/li>\n<li>Regulador de temperatura<\/li>\n<li>Esp\u00e1tula de PA<\/li>\n<li>Manual de instrucciones<\/li>\n<\/ul>\n<\/div>\n","protected":false},"excerpt":{"rendered":"<p>Plancha de asar el\u00e9ctrica de 2000 W: Con estructura de dise\u00f1o y con acabados en acero inoxidable. Termostato regulable y<\/p>\n","protected":false},"featured_media":221548,"comment_status":"open","ping_status":"closed","template":"","meta":{"_joinchat":[]},"product_cat":[6565,825,831],"product_tag":[],"class_list":{"0":"post-44859","1":"product","2":"type-product","3":"status-publish","4":"has-post-thumbnail","6":"product_cat-planchas-de-asar","7":"product_cat-pequeno-electrodomestico","8":"product_cat-accesorios-de-cocina","9":"pa_marca-cecotec","10":"pa_potenica-2000w","12":"first","13":"instock","14":"taxable","15":"shipping-taxable","16":"purchasable","17":"product-type-simple"},"_links":{"self":[{"href":"https:\/\/desdropi.com\/elparque\/wp-json\/wp\/v2\/product\/44859"}],"collection":[{"href":"https:\/\/desdropi.com\/elparque\/wp-json\/wp\/v2\/product"}],"about":[{"href":"https:\/\/desdropi.com\/elparque\/wp-json\/wp\/v2\/types\/product"}],"replies":[{"embeddable":true,"href":"https:\/\/desdropi.com\/elparque\/wp-json\/wp\/v2\/comments?post=44859"}],"version-history":[{"count":1,"href":"https:\/\/desdropi.com\/elparque\/wp-json\/wp\/v2\/product\/44859\/revisions"}],"predecessor-version":[{"id":224499,"href":"https:\/\/desdropi.com\/elparque\/wp-json\/wp\/v2\/product\/44859\/revisions\/224499"}],"wp:featuredmedia":[{"embeddable":true,"href":"https:\/\/desdropi.com\/elparque\/wp-json\/wp\/v2\/media\/221548"}],"wp:attachment":[{"href":"https:\/\/desdropi.com\/elparque\/wp-json\/wp\/v2\/media?parent=44859"}],"wp:term":[{"taxonomy":"product_cat","embeddable":true,"href":"https:\/\/desdropi.com\/elparque\/wp-json\/wp\/v2\/product_cat?post=44859"},{"taxonomy":"product_tag","embeddable":true,"href":"https:\/\/desdropi.com\/elparque\/wp-json\/wp\/v2\/product_tag?post=44859"}],"curies":[{"name":"wp","href":"https:\/\/api.w.org\/{rel}","templated":true}]}}