{"id":46015,"date":"2022-02-07T23:16:52","date_gmt":"2022-02-07T21:16:52","guid":{"rendered":"https:\/\/desdropi.com\/elparque\/plancha-de-pelo-irene-rios-goldie-k99-locks-5-temperaturas-232o-gold\/"},"modified":"2025-04-13T20:35:27","modified_gmt":"2025-04-13T18:35:27","slug":"plancha-de-pelo-irene-rios-goldie-k99-locks-5-temperaturas-232o-gold","status":"publish","type":"product","link":"https:\/\/desdropi.com\/elparque\/plancha-de-pelo-irene-rios-goldie-k99-locks-5-temperaturas-232o-gold\/","title":{"rendered":"Plancha De Pelo Irene Rios Goldie K99"},"content":{"rendered":"<div class=\"descripcion-tab\">\n<ul>\n<li>Placas de Titanio Diagonales y Basculantes.<\/li>\n<li>Bordes Redondeados.<\/li>\n<li>Rizos y Ondas f\u00e1ciles.<\/li>\n<li>Lisos suaves y brillantes.<\/li>\n<li>Para todo tipo de cabello.<\/li>\n<li>Placas de Titanio Enriquecido. 26 mm.<\/li>\n<li>Sistema de Cierre Perfecto.<\/li>\n<li>5 Programas de Temperatura: 120\u00baC &#8211; 150\u00baC &#8211; 180\u00baC &#8211; 210\u00baC &#8211; 232\u00baC.<\/li>\n<li>Termostato Anal\u00f3gico de Pulsaci\u00f3n Suave.<\/li>\n<li>Indicador Led de Temperatura.<\/li>\n<li>Microsistema ITC para Calor Uniforme y Constante.<\/li>\n<li>Calentador Cer\u00e1mico.<\/li>\n<li>Ergon\u00f3mica.<\/li>\n<li>Cable Giratorio 360\u00ba.<\/li>\n<li>Bloqueo de Placas de Seguridad.<\/li>\n<li>Protecci\u00f3n El\u00e9ctrica y T\u00e9rmica.<\/li>\n<li>Doble Voltaje. 120\/240V 60\/50Hz.<\/li>\n<li>CE, LVD &amp; ROHS.<\/li>\n<\/ul>\n<\/div>\n","protected":false},"excerpt":{"rendered":"<p>Placas de Titanio Diagonales y Basculantes. Bordes Redondeados. Rizos y Ondas f\u00e1ciles. Lisos suaves y brillantes. Para todo tipo de<\/p>\n","protected":false},"featured_media":133426,"comment_status":"open","ping_status":"closed","template":"","meta":{"_joinchat":[]},"product_cat":[6512,6510,825,6097],"product_tag":[],"class_list":{"0":"post-46015","1":"product","2":"type-product","3":"status-publish","4":"has-post-thumbnail","6":"product_cat-planchas-de-pelo","7":"product_cat-vello-y-pelo","8":"product_cat-pequeno-electrodomestico","9":"product_cat-cuidado-personal","10":"pa_marca-irene-rios","12":"first","13":"instock","14":"taxable","15":"shipping-taxable","16":"purchasable","17":"product-type-simple"},"_links":{"self":[{"href":"https:\/\/desdropi.com\/elparque\/wp-json\/wp\/v2\/product\/46015"}],"collection":[{"href":"https:\/\/desdropi.com\/elparque\/wp-json\/wp\/v2\/product"}],"about":[{"href":"https:\/\/desdropi.com\/elparque\/wp-json\/wp\/v2\/types\/product"}],"replies":[{"embeddable":true,"href":"https:\/\/desdropi.com\/elparque\/wp-json\/wp\/v2\/comments?post=46015"}],"version-history":[{"count":1,"href":"https:\/\/desdropi.com\/elparque\/wp-json\/wp\/v2\/product\/46015\/revisions"}],"predecessor-version":[{"id":224515,"href":"https:\/\/desdropi.com\/elparque\/wp-json\/wp\/v2\/product\/46015\/revisions\/224515"}],"wp:featuredmedia":[{"embeddable":true,"href":"https:\/\/desdropi.com\/elparque\/wp-json\/wp\/v2\/media\/133426"}],"wp:attachment":[{"href":"https:\/\/desdropi.com\/elparque\/wp-json\/wp\/v2\/media?parent=46015"}],"wp:term":[{"taxonomy":"product_cat","embeddable":true,"href":"https:\/\/desdropi.com\/elparque\/wp-json\/wp\/v2\/product_cat?post=46015"},{"taxonomy":"product_tag","embeddable":true,"href":"https:\/\/desdropi.com\/elparque\/wp-json\/wp\/v2\/product_tag?post=46015"}],"curies":[{"name":"wp","href":"https:\/\/api.w.org\/{rel}","templated":true}]}}