{"id":50927,"date":"2022-03-28T22:16:26","date_gmt":"2022-03-28T21:16:26","guid":{"rendered":"https:\/\/desdropi.com\/elparque\/envasadora-al-vacio-laica-vt3217-15-litros-minuto\/"},"modified":"2025-04-13T19:36:15","modified_gmt":"2025-04-13T17:36:15","slug":"envasadora-al-vacio-laica-vt3217-15-litros-minuto","status":"publish","type":"product","link":"https:\/\/desdropi.com\/elparque\/envasadora-al-vacio-laica-vt3217-15-litros-minuto\/","title":{"rendered":"Envasadora Al Vacio Laica Vt3217 15 Litros Minuto"},"content":{"rendered":"<div class=\"descripcion-tab\">\n<ul>\n<li>100 ciclos autom\u00e1ticos consecutivos.<\/li>\n<li>Ajuste de sellado triple: SIMPLE, DOBLE y DOBLE EXTENDIDO.<\/li>\n<li>Barra de sellado doble.<\/li>\n<li>Bandeja colectora de l\u00edquidos extra\u00edble y lavable.<\/li>\n<li>Manija de bloqueo.<\/li>\n<li>Usar con frascos.<\/li>\n<\/ul>\n<p><strong>Dimensiones<\/strong><br \/>\n40 x 18.3 x 10.4 cm<\/p>\n<p><strong>Peso<\/strong><br \/>\n1.65 kg<\/p>\n<p><strong>Componentes del producto<\/strong><br \/>\n1 m\u00e1quina de vac\u00edo, 1 rollo de vac\u00edo (25x600cm), 1 tubo para frascos, 1 cortador, 1 bandeja de recogida de l\u00edquidos, 1 manual de instrucciones.<\/p>\n<p><strong>Recambios Disponibles<\/strong><br \/>\n\u2013 Bolsas y Rollos: c\u00f3digos VT3500, VT3501, VT3503, VT3504, VT3510, VT3505, VT3508, VT3509, VT3514.<br \/>\n\u2013 Tubo para latas AHI039<br \/>\n\u2013 Juntas AHI046<br \/>\n\u2013 Bandeja de recogida de l\u00edquidos AHI044<\/p>\n<p><strong>Presi\u00f3n M\u00e1xima de Aspiraci\u00f3n<\/strong><br \/>\n\u2013 0.8 bar<\/p>\n<p><strong>Bomba de Aspiraci\u00f3n<\/strong><br \/>\nSingle<\/p>\n<p><strong>Contenedor Recogedor de L\u00edquidos<\/strong><br \/>\nDisponible<\/p>\n<p><strong>Indicador del Progreso<\/strong><br \/>\nDisponible<\/p>\n<p><strong>Uso con Contenedores de Vac\u00edo<\/strong><br \/>\nDisponible<\/p>\n<p><strong>Funciones Disponibles<\/strong><br \/>\n100% autom\u00e1tico, funci\u00f3n de vac\u00edo parcial, vac\u00edo manual de pulso<\/p>\n<p><strong>Ancho M\u00e1ximo de las Bolsas<\/strong><br \/>\n30 cm<\/p>\n<p><strong>Protecci\u00f3n T\u00e9rmica de Seguridad<\/strong><br \/>\nDisponible<\/p>\n<p><strong>Alimentaci\u00f3n y Potencia<\/strong><br \/>\nAC 220-240V 50H \u2013 120W<\/p>\n<p><strong>Ruido a un metro<\/strong><br \/>\n&lt;80dB<\/p>\n<\/div>\n","protected":false},"excerpt":{"rendered":"<p>100 ciclos autom\u00e1ticos consecutivos. Ajuste de sellado triple: SIMPLE, DOBLE y DOBLE EXTENDIDO. Barra de sellado doble. Bandeja colectora de<\/p>\n","protected":false},"featured_media":133225,"comment_status":"open","ping_status":"closed","template":"","meta":{"_joinchat":[]},"product_cat":[6508,825,831],"product_tag":[],"class_list":{"0":"post-50927","1":"product","2":"type-product","3":"status-publish","4":"has-post-thumbnail","6":"product_cat-envasadoras-al-vacio","7":"product_cat-pequeno-electrodomestico","8":"product_cat-accesorios-de-cocina","9":"pa_marca-laica","11":"first","12":"instock","13":"taxable","14":"shipping-taxable","15":"purchasable","16":"product-type-simple"},"_links":{"self":[{"href":"https:\/\/desdropi.com\/elparque\/wp-json\/wp\/v2\/product\/50927"}],"collection":[{"href":"https:\/\/desdropi.com\/elparque\/wp-json\/wp\/v2\/product"}],"about":[{"href":"https:\/\/desdropi.com\/elparque\/wp-json\/wp\/v2\/types\/product"}],"replies":[{"embeddable":true,"href":"https:\/\/desdropi.com\/elparque\/wp-json\/wp\/v2\/comments?post=50927"}],"version-history":[{"count":1,"href":"https:\/\/desdropi.com\/elparque\/wp-json\/wp\/v2\/product\/50927\/revisions"}],"predecessor-version":[{"id":224447,"href":"https:\/\/desdropi.com\/elparque\/wp-json\/wp\/v2\/product\/50927\/revisions\/224447"}],"wp:featuredmedia":[{"embeddable":true,"href":"https:\/\/desdropi.com\/elparque\/wp-json\/wp\/v2\/media\/133225"}],"wp:attachment":[{"href":"https:\/\/desdropi.com\/elparque\/wp-json\/wp\/v2\/media?parent=50927"}],"wp:term":[{"taxonomy":"product_cat","embeddable":true,"href":"https:\/\/desdropi.com\/elparque\/wp-json\/wp\/v2\/product_cat?post=50927"},{"taxonomy":"product_tag","embeddable":true,"href":"https:\/\/desdropi.com\/elparque\/wp-json\/wp\/v2\/product_tag?post=50927"}],"curies":[{"name":"wp","href":"https:\/\/api.w.org\/{rel}","templated":true}]}}