{"id":50971,"date":"2022-03-28T22:18:17","date_gmt":"2022-03-28T21:18:17","guid":{"rendered":"https:\/\/desdropi.com\/elparque\/termometro-laica-th1000-contacto\/"},"modified":"2025-04-13T20:28:53","modified_gmt":"2025-04-13T18:28:53","slug":"termometro-laica-th1000-contacto","status":"publish","type":"product","link":"https:\/\/desdropi.com\/elparque\/termometro-laica-th1000-contacto\/","title":{"rendered":"Termometro Laica Th1000 Contacto"},"content":{"rendered":"<div class=\"descripcion-tab\"><strong>Non-contact forehead infrared thermometer LAICA TH1000<\/strong><\/p>\n<ul>\n<li>Term\u00f3metro infrarrojo para frente y o\u00eddo th1000 lay. mide la temperatura corporal de forma r\u00e1pida y no invasiva.<\/li>\n<li>Es especialmente adecuado para medir la temperatura de ni\u00f1os peque\u00f1os, incluso durante el sue\u00f1o.<\/li>\n<li>Para medir la temperatura, simplemente coloque la sonda del term\u00f3metro en la sien y espere la se\u00f1al ac\u00fastica que indica el final de la medici\u00f3n.<\/li>\n<li>Tambi\u00e9n detecta la temperatura ambiente.<\/li>\n<li>La gran pantalla LCD garantiza datos fiables.<\/li>\n<\/ul>\n<p><strong>Dimensiones<\/strong><br \/>\n10.5 x 5.2 x 2.1 cm<\/p>\n<p><strong>Peso<\/strong><br \/>\n1 kg<\/p>\n<p><strong>Componentes del producto<\/strong><br \/>\n1 thermometer, 1 instruction manual<\/p>\n<p><strong>Tipo display<\/strong><br \/>\nLCD<\/p>\n<p><strong>Unidad de medida<\/strong><br \/>\n\u00b0C \/ \u00b0F<\/p>\n<p><strong>Se\u00f1al ac\u00fastica de aviso<\/strong><br \/>\nAvailable<\/p>\n<p><b>Medici\u00f3n de la temperatura de ambiente<\/b><br \/>\nFrom 34.0\u00b0C to 43.0\u00b0C<\/p>\n<p><strong>Medici\u00f3n de la temperatura de l\u00edquidos<\/strong><br \/>\nFrom 0.0\u00b0C to 100.0\u00b0C<\/p>\n<\/div>\n","protected":false},"excerpt":{"rendered":"<p>Non-contact forehead infrared thermometer LAICA TH1000 Term\u00f3metro infrarrojo para frente y o\u00eddo th1000 lay. mide la temperatura corporal de forma<\/p>\n","protected":false},"featured_media":221556,"comment_status":"open","ping_status":"closed","template":"","meta":{"_joinchat":[]},"product_cat":[7015,7019,825,6097],"product_tag":[],"class_list":{"0":"post-50971","1":"product","2":"type-product","3":"status-publish","4":"has-post-thumbnail","6":"product_cat-higiene-y-salud-cuidado-personal","7":"product_cat-termometros-higiene-y-salud-cuidado-personal","8":"product_cat-pequeno-electrodomestico","9":"product_cat-cuidado-personal","10":"pa_marca-laica","12":"first","13":"instock","14":"taxable","15":"shipping-taxable","16":"purchasable","17":"product-type-simple"},"_links":{"self":[{"href":"https:\/\/desdropi.com\/elparque\/wp-json\/wp\/v2\/product\/50971"}],"collection":[{"href":"https:\/\/desdropi.com\/elparque\/wp-json\/wp\/v2\/product"}],"about":[{"href":"https:\/\/desdropi.com\/elparque\/wp-json\/wp\/v2\/types\/product"}],"replies":[{"embeddable":true,"href":"https:\/\/desdropi.com\/elparque\/wp-json\/wp\/v2\/comments?post=50971"}],"version-history":[{"count":1,"href":"https:\/\/desdropi.com\/elparque\/wp-json\/wp\/v2\/product\/50971\/revisions"}],"predecessor-version":[{"id":224506,"href":"https:\/\/desdropi.com\/elparque\/wp-json\/wp\/v2\/product\/50971\/revisions\/224506"}],"wp:featuredmedia":[{"embeddable":true,"href":"https:\/\/desdropi.com\/elparque\/wp-json\/wp\/v2\/media\/221556"}],"wp:attachment":[{"href":"https:\/\/desdropi.com\/elparque\/wp-json\/wp\/v2\/media?parent=50971"}],"wp:term":[{"taxonomy":"product_cat","embeddable":true,"href":"https:\/\/desdropi.com\/elparque\/wp-json\/wp\/v2\/product_cat?post=50971"},{"taxonomy":"product_tag","embeddable":true,"href":"https:\/\/desdropi.com\/elparque\/wp-json\/wp\/v2\/product_tag?post=50971"}],"curies":[{"name":"wp","href":"https:\/\/api.w.org\/{rel}","templated":true}]}}