{"id":52680,"date":"2022-04-09T22:22:01","date_gmt":"2022-04-09T20:22:01","guid":{"rendered":"https:\/\/desdropi.com\/elparque\/aspirador-robot-realme-rmah2101-2en1-244966\/"},"modified":"2024-05-18T13:12:14","modified_gmt":"2024-05-18T11:12:14","slug":"aspirador-robot-realme-rmah2101-2en1-244966","status":"publish","type":"product","link":"https:\/\/desdropi.com\/elparque\/aspirador-robot-realme-rmah2101-2en1-244966\/","title":{"rendered":"Aspirador Robot Realme Rmah2101"},"content":{"rendered":"<h4>ASPIRADOR ROBOT REALME RMAH2101<\/h4>\n<h4>Peso y dimensiones<\/h4>\n<ul>\n<li>Peso3,3<\/li>\n<li>Di\u00e1metro35<\/li>\n<li>Altura100<\/li>\n<\/ul>\n<h4>Control de energ\u00eda<\/h4>\n<ul>\n<li>Capacidad de bater\u00eda5200<\/li>\n<li>Tiempo de carga6<\/li>\n<li>RecargableS\u00ed<\/li>\n<li>Autonom\u00eda (minutos)300<\/li>\n<\/ul>\n<h4>Detalles t\u00e9cnicos<\/h4>\n<ul>\n<li>Potencia de succi\u00f3n3000<\/li>\n<\/ul>\n<h4>Contenido del embalaje<\/h4>\n<ul>\n<li>Estaci\u00f3n base \u2192 S\u00ed<\/li>\n<li>Manual de usuario \u2192 S\u00ed<\/li>\n<li>Adaptador AC incluido \u2192 S\u00ed<\/li>\n<\/ul>\n<h4>Dise\u00f1o<\/h4>\n<ul>\n<li>Color del producto \u2192 Negro<\/li>\n<li>Forma \u2192 Alrededor<\/li>\n<li>Operado remotamente \u2192 S\u00ed<\/li>\n<li>Soporte remoto inteligente \u2192 S\u00ed<\/li>\n<li>Tipo de dep\u00f3sito \u2192 Sin bolsa<\/li>\n<li>Tipo aspirador \u2192 Robot<\/li>\n<\/ul>\n<h4>Desempe\u00f1o<\/h4>\n<ul>\n<li>Capacidad de polvo (total) \u2192 0,6<\/li>\n<li>Nivel de ruido \u2192 55<\/li>\n<li>Niveles de potencia de aspiraci\u00f3n \u2192 4<\/li>\n<li>Funciona con Amazon Alexa \u2192 S\u00ed<\/li>\n<li>Funciona con el Asistente de Google \u2192 S\u00ed<\/li>\n<li>Modo silencioso \u2192 S\u00ed<\/li>\n<li>Sistemas operativos m\u00f3viles soportados \u2192 Android, iOS<\/li>\n<li>N\u00famero de cepillos \u2192 3<\/li>\n<li>Tipo de cepillo \u2192 Cepillo de rodillo y cepillo lateral<\/li>\n<li>Autom\u00e1tico retorno a la estaci\u00f3n base \u2192 S\u00ed<\/li>\n<li>Tipo de navegaci\u00f3n \u2192 Mapeo<\/li>\n<li>Sensores integrados \u2192 Laser<\/li>\n<\/ul>\n","protected":false},"excerpt":{"rendered":"<p>ASPIRADOR ROBOT REALME RMAH2101 Peso y dimensiones Peso3,3 Di\u00e1metro35 Altura100 Control de energ\u00eda Capacidad de bater\u00eda5200 Tiempo de carga6 RecargableS\u00ed<\/p>\n","protected":false},"featured_media":222352,"comment_status":"open","ping_status":"closed","template":"","meta":{"_joinchat":[]},"product_cat":[6513,6515,825],"product_tag":[],"class_list":{"0":"post-52680","1":"product","2":"type-product","3":"status-publish","4":"has-post-thumbnail","6":"product_cat-aspiracion-y-limpieza","7":"product_cat-robots-aspiradores","8":"product_cat-pequeno-electrodomestico","9":"pa_marca-realme","11":"first","12":"instock","13":"taxable","14":"shipping-taxable","15":"purchasable","16":"product-type-simple"},"_links":{"self":[{"href":"https:\/\/desdropi.com\/elparque\/wp-json\/wp\/v2\/product\/52680"}],"collection":[{"href":"https:\/\/desdropi.com\/elparque\/wp-json\/wp\/v2\/product"}],"about":[{"href":"https:\/\/desdropi.com\/elparque\/wp-json\/wp\/v2\/types\/product"}],"replies":[{"embeddable":true,"href":"https:\/\/desdropi.com\/elparque\/wp-json\/wp\/v2\/comments?post=52680"}],"version-history":[{"count":0,"href":"https:\/\/desdropi.com\/elparque\/wp-json\/wp\/v2\/product\/52680\/revisions"}],"wp:featuredmedia":[{"embeddable":true,"href":"https:\/\/desdropi.com\/elparque\/wp-json\/wp\/v2\/media\/222352"}],"wp:attachment":[{"href":"https:\/\/desdropi.com\/elparque\/wp-json\/wp\/v2\/media?parent=52680"}],"wp:term":[{"taxonomy":"product_cat","embeddable":true,"href":"https:\/\/desdropi.com\/elparque\/wp-json\/wp\/v2\/product_cat?post=52680"},{"taxonomy":"product_tag","embeddable":true,"href":"https:\/\/desdropi.com\/elparque\/wp-json\/wp\/v2\/product_tag?post=52680"}],"curies":[{"name":"wp","href":"https:\/\/api.w.org\/{rel}","templated":true}]}}