{"id":60102,"date":"2022-05-30T22:50:44","date_gmt":"2022-05-30T21:50:44","guid":{"rendered":"https:\/\/desdropi.com\/elparque\/dispensador-de-agua-filtrada-fria-y-caliente-laica-aurora-38-litros\/"},"modified":"2025-04-13T23:31:12","modified_gmt":"2025-04-13T21:31:12","slug":"dispensador-de-agua-filtrada-fria-y-caliente-laica-aurora-38-litros","status":"publish","type":"product","link":"https:\/\/desdropi.com\/elparque\/dispensador-de-agua-filtrada-fria-y-caliente-laica-aurora-38-litros\/","title":{"rendered":"Dispensador De Agua Filtrada Fria Y Caliente Laica\/Aurora 3,8 Litros"},"content":{"rendered":"<div class=\"descripcion-tab\">\n<ul>\n<li>Dipensador instant\u00e1neo de agua fr\u00eda y caliente AURORA.<\/li>\n<li>Jarra hervidor, enfriador y filtro de agua, todo en un solo electrodom\u00e9stico.<\/li>\n<li>Elija su bebida a su manera, desde 100\u00ba para una infusi\u00f3n humeante o un vaso de agua bien fr\u00eda.<\/li>\n<li>Tiene un atractivo dise\u00f1o moderno con un elegante acabado en hacer cepillado y negro.<\/li>\n<li>Cuenta con un panel de pantalla sensible al tacto que es intuitivo y f\u00e1cil de usar.<\/li>\n<\/ul>\n<p><strong>Tus bebidas, a tu manera<\/strong><\/p>\n<ul>\n<li>Agua fr\u00eda o caliente instant\u00e1nea: 7 opciones diferentes, desde refrigerada hasta hervida.<\/li>\n<li>Seleccione su temperatura de agua ideal seg\u00fan su tipo de bebida o preferencia.<\/li>\n<\/ul>\n<p class=\"a-spacing-mini\"><strong>Ahorra energ\u00eda<\/strong><\/p>\n<ul>\n<li class=\"a-size-small\">Hierva solo lo que necesite y ahorre energ\u00eda: seleccione entre 200 ml y 1000 ml de opciones de dispensaci\u00f3n, perfectas para preparar una taza de t\u00e9 o agua hirviendo para una sart\u00e9n de pasta.<\/li>\n<\/ul>\n<p class=\"a-spacing-mini\"><strong>Conveniencia<\/strong><\/p>\n<ul>\n<li class=\"a-size-small\">Combine su hervidor, enfriador y jarra filtrante en un aparato de tama\u00f1o reducido. La Aurora no requiere plomer\u00eda. Simplemente conecte, llene y listo.<\/li>\n<\/ul>\n<p class=\"a-spacing-mini\"><strong>Evolve + Filtraci\u00f3n de agua<\/strong><\/p>\n<ul>\n<li class=\"a-size-small\">La Aurora usa los mismos cartuchos que las jarras con filtro de agua Aqua Optima. Cada filtro se recomienda para un uso de 30 d\u00edas y un m\u00e1ximo de 100 litros de agua.<\/li>\n<\/ul>\n<p class=\"a-spacing-mini\"><strong>Evolve + Tecnolog\u00eda de filtraci\u00f3n de agua de 5 etapas<\/strong><\/p>\n<p class=\"a-spacing-base\">Con la tecnolog\u00eda de filtraci\u00f3n de 5 pasos patentada de Aqua Optima. Filtra eficazmente el agua para reducir las impurezas, como cloro, cal, herbicidas, pesticidas, plomo y metales pesados. Tambi\u00e9n reduzca los micropl\u00e1sticos del agua del grifo para que pueda disfrutar de un agua m\u00e1s pura, clara y con mejor sabor.<\/p>\n<p class=\"a-spacing-base\">Cada cartucho Aqua Optima Evolve + de larga duraci\u00f3n se recomienda para hasta 30 d\u00edas de uso y un m\u00e1ximo de 100 litros de agua.<\/p>\n<p class=\"a-spacing-base\">El filtro Evolve + tiene una bayoneta \u00fanica y un ajuste a presi\u00f3n para jarras, lo que brinda una mayor compatibilidad con m\u00e1s del 90% de todas las jarras con filtro de agua, incluidas; Brita Maxtra y Brita Maxtra+. Los filtros Evolve+ no son actualmente compatibles con las jarras Brita PerfectFit.<\/p>\n<p><img decoding=\"async\" class=\"\" src=\"https:\/\/m.media-amazon.com\/images\/S\/aplus-media-library-service-media\/bc9392e2-34f5-4d2a-8ba9-b3d6e7ea7bc5.__CR0,0,500,500_PT0_SX220_V1___.png\" alt=\"Remove impurities\" width=\"100\" height=\"100\" \/><\/p>\n<p><strong>Elimina las impurezas.<\/strong><br \/>\nLa tecnolog\u00eda de filtraci\u00f3n de 5 pasos patentada de Aqua Optima filtra de manera eficiente el agua para reducir las impurezas, como el cloro, la cal, los herbicidas, los pesticidas, el plomo, los metales pesados \u200b\u200by los micropl\u00e1sticos.<\/p>\n<p><img decoding=\"async\" class=\"\" src=\"https:\/\/m.media-amazon.com\/images\/S\/aplus-media-library-service-media\/070b6984-8432-45a4-a57e-d158bd57f6d0.__CR23,45,455,455_PT0_SX220_V1___.png\" alt=\"Great Taste\" width=\"100\" height=\"100\" \/><\/p>\n<p class=\"a-spacing-mini\"><strong>Bebidas de mejor sabor.<\/strong><\/p>\n<p>Reduce el cloro y la cal hasta en un 80%.<\/p>\n<p>Los filtros Evolve + contienen carb\u00f3n de coco activado para absorber el cloro y las perlas de resina de intercambio i\u00f3nico ayudan a prevenir la acumulaci\u00f3n de cal.<\/p>\n<p><img decoding=\"async\" class=\"\" src=\"https:\/\/m.media-amazon.com\/images\/S\/aplus-media-library-service-media\/b3679c2f-f53c-45b1-879f-709c08d87df5.__CR0,0,500,500_PT0_SX220_V1___.png\" alt=\"Less Waste\" width=\"100\" height=\"100\" \/><\/p>\n<p class=\"a-spacing-mini\"><strong>Menos residuos pl\u00e1sticos<\/strong><\/p>\n<p class=\"a-size-small\">Ayude a proteger el medio ambiente. Cada filtro filtrar\u00e1 hasta 100 litros de agua, reemplazando 200 botellas de agua de pl\u00e1stico de 500 ml).<\/p>\n<p><img loading=\"lazy\" decoding=\"async\" class=\"\" src=\"https:\/\/m.media-amazon.com\/images\/S\/aplus-media-library-service-media\/c618d606-ee30-43d0-a300-0c2617a34f7a.__CR0,0,500,500_PT0_SX220_V1___.png\" alt=\"Filters Fast\" width=\"100\" height=\"100\" \/><\/p>\n<p class=\"a-spacing-mini\"><strong>Filtra r\u00e1pido<\/strong><\/p>\n<p class=\"a-size-small\">Los filtros Evolve + est\u00e1n dise\u00f1ados para eliminar de forma r\u00e1pida y eficaz las impurezas del agua. Cada filtro se recomienda para un uso de 30 d\u00edas y un m\u00e1ximo de 100 litros de agua.<\/p>\n<\/div>\n","protected":false},"excerpt":{"rendered":"<p>Dipensador instant\u00e1neo de agua fr\u00eda y caliente AURORA. Jarra hervidor, enfriador y filtro de agua, todo en un solo electrodom\u00e9stico.<\/p>\n","protected":false},"featured_media":134182,"comment_status":"open","ping_status":"closed","template":"","meta":{"_joinchat":[]},"product_cat":[825,6191],"product_tag":[],"class_list":{"0":"post-60102","1":"product","2":"type-product","3":"status-publish","4":"has-post-thumbnail","6":"product_cat-pequeno-electrodomestico","7":"product_cat-dispensador","8":"pa_marca-laica","10":"first","11":"instock","12":"taxable","13":"shipping-taxable","14":"purchasable","15":"product-type-simple"},"_links":{"self":[{"href":"https:\/\/desdropi.com\/elparque\/wp-json\/wp\/v2\/product\/60102"}],"collection":[{"href":"https:\/\/desdropi.com\/elparque\/wp-json\/wp\/v2\/product"}],"about":[{"href":"https:\/\/desdropi.com\/elparque\/wp-json\/wp\/v2\/types\/product"}],"replies":[{"embeddable":true,"href":"https:\/\/desdropi.com\/elparque\/wp-json\/wp\/v2\/comments?post=60102"}],"version-history":[{"count":1,"href":"https:\/\/desdropi.com\/elparque\/wp-json\/wp\/v2\/product\/60102\/revisions"}],"predecessor-version":[{"id":224702,"href":"https:\/\/desdropi.com\/elparque\/wp-json\/wp\/v2\/product\/60102\/revisions\/224702"}],"wp:featuredmedia":[{"embeddable":true,"href":"https:\/\/desdropi.com\/elparque\/wp-json\/wp\/v2\/media\/134182"}],"wp:attachment":[{"href":"https:\/\/desdropi.com\/elparque\/wp-json\/wp\/v2\/media?parent=60102"}],"wp:term":[{"taxonomy":"product_cat","embeddable":true,"href":"https:\/\/desdropi.com\/elparque\/wp-json\/wp\/v2\/product_cat?post=60102"},{"taxonomy":"product_tag","embeddable":true,"href":"https:\/\/desdropi.com\/elparque\/wp-json\/wp\/v2\/product_tag?post=60102"}],"curies":[{"name":"wp","href":"https:\/\/api.w.org\/{rel}","templated":true}]}}